 the prime factors of (y - (-3 - 0))/(-1)?
2, 3
Let r = 888 - 450. Suppose 2*k + 2*m - r = 0, 0*m = k - 2*m - 234. What are the prime factors of k?
2, 7
Let m(g) = 5*g**2 - 34*g - 54. Let c(z) = z**2 - 7*z - 11. Let i(x) = 11*c(x) - 2*m(x). Let y be i(12). Let l = y - 5. List the prime factors of l.
2, 3
List the prime factors of ((-5)/2 - -4)/(3/560).
2, 5, 7
Suppose -2*z + 256 = 2*z - 4*o, 5*z = -o + 350. List the prime factors of z.
3, 23
Suppose -1964 = -3*g + a + 44, -2*g + 1341 = -3*a. List the prime factors of g.
3, 223
Let v(f) = -4*f**3 + 2*f - 1. Let x = -3 + 5. Let i be v(x). Let w = i - -66. What are the prime factors of w?
37
Let k be (-6)/((-72)/20)*3. Suppose 4*x = 4*p - 36 - 40, -4*p + 76 = -k*x. Suppose -32 - p = -a. List the prime factors of a.
3, 17
Suppose -2*v = -6*v - c + 548, -4*v + c + 540 = 0. Suppose -10*t + 334 = -v. What are the prime factors of t?
47
Suppose 0 = -7*f + 1198 + 104. Suppose 3*g - 6 = f. What are the prime factors of g?
2
Suppose 2*d - 43 = -5*c, -d + 6*d = 3*c - 32. Let s be 6/c*-3 + 4. Suppose 58 = -0*v + s*v. What are the prime factors of v?
29
Let s = 4 - -19. Let i be s/4*(-20)/(-5). What are the prime factors of i*(3 - (2 - 0))?
23
Let n(u) = u**3 + 47*u**2 + 65*u - 29. List the prime factors of n(-45).
2, 137
Let z(f) = f**2 - 3*f. Let q be z(3). Suppose -2*t + q*d - 2*d + 16 = 0, 3*d = -2*t + 17. What are the prime factors of t?
7
Let c = 6090 + -3692. What are the prime factors of c?
2, 11, 109
Let h be 1 - (130/10 - (-8)/(-2)). Let d(x) = 3*x**2 - 13*x - 41. What are the prime factors of d(h)?
3, 5, 17
Suppose w = -4*i - 0*w + 1598, -2*i + 794 = 3*w. List the prime factors of i.
2, 5
Let m(q) = 176*q**2 - 11*q - 20. List the prime factors of m(-2).
2, 353
Let i(d) = 3*d**2 - 4*d + 3. Let v be i(-6). Suppose 0 = 5*x - v - 205. Suppose x = 4*y - 48. What are the prime factors of y?
29
Let y(o) = 2*o - 12. Suppose -n = -0*n - 6. Let j be y(n). Suppose 0 = 4*x + 5*r - 31, -5 = r - j*r. List the prime factors of x.
2, 7
Let r = -793 - -1371. What are the prime factors of r?
2, 17
Suppose -83 = 3*g - 4*r, 4*g + 0*g - 3*r = -99. Let q = g + 30. List the prime factors of (21/(-4))/(q/(-24)).
2, 7
Suppose -3*m + 975 = 4*l, 0 = 2*m + 5*l - 403 - 254. Suppose i = -2*i + m. Suppose 4*z = -3*w + 61, -4*w + 9*w = -4*z + i. List the prime factors of w.
23
List the prime factors of (-56)/224 + ((-1569)/(-4) - 1).
17, 23
Let y(o) = 23*o - 31. Let d(f) = -12*f + 16. Let c(k) = 5*d(k) + 3*y(k). What are the prime factors of c(9)?
2, 17
Suppose 76 = -3*k + 2*g - 0*g, -4*k - 4*g - 88 = 0. Let d be (22/6)/((-8)/k). Suppose d*m - 9*m = 62. List the prime factors of m.
31
Suppose -r + 2544 = w, 2*r - 5*r = 5*w - 12722. List the prime factors of w.
5, 509
Let j(t) = -t**2 + 4*t + 2. Let n be j(4). Suppose 0 = -5*p - 2*a + 38 + 2, n*p + 2*a - 22 = 0. What are the prime factors of 1/(-2) - (-105)/p?
17
What are the prime factors of ((-9)/6)/((-18)/888)?
2, 37
Let i be ((-1507)/33)/((-2)/18). Let x = i + -272. What are the prime factors of x?
139
What are the prime factors of (-4 - 261/(-18))/(6/112)?
2, 7
Let g(d) = -d**2 + 6*d - 6. Let o be g(7). Let n = -23 - o. Let m = n + 22. List the prime factors of m.
2, 3
Suppose -2*u - 14 - 9 = -x, 5*x = 5*u + 50. Let k = u + 8. List the prime factors of ((-6)/k)/((-3)/(-40)).
2
Let w = 92 + -34. Suppose -4*a + 5*j + 125 = 0, 5*j = -3*a + 178 - w. Suppose -14*v = -19*v + a. What are the prime factors of v?
7
Suppose 5*w = z + 94, 2*w - 2*z - 36 = -0*w. What are the prime factors of -2 + 362/10 + w/(-95)?
2, 17
Suppose 5*i + f = -30, 0 = 4*f - 3*f - 5. Let t be (-2 - -1)/(i/28). Suppose -5*w + 74 = -z - 2*z, -4*z = -t*w + 56. List the prime factors of w.
2
Let y = -6617 + 9626. List the prime factors of y.
3, 17, 59
List the prime factors of ((-26158)/(-88))/(1/4).
29, 41
Let b(u) = -u**3 + 17*u**2 + 7*u + 83. List the prime factors of b(16).
11, 41
Let b be (-3)/(-7) - (-20)/35. What are the prime factors of b*12/9*60?
2, 5
Let a(x) = x**3 + 2*x - 9. Suppose 4*s = 3*j - 20, -3*j + 0*j - 4*s + 4 = 0. List the prime factors of a(j).
3, 7
Let j = -22 + 26. Suppose 84 = j*o - 304. What are the prime factors of o?
97
Let u(n) = -4*n**2 + n + 4*n + 3*n**2 + 0*n**2 - 6. Let x be u(4). List the prime factors of (10/x)/((-8)/24).
3, 5
Suppose -l + 13 = 4*b - 1, -2*b = 3*l - 82. What are the prime factors of -13*5/((-25)/l)?
2, 3, 13
Suppose -2*n + t = 10 - 119, -2*t = 3*n - 167. Suppose -4*h + 13 = -n. What are the prime factors of h?
17
Suppose 35 = 4*u - 3*s - 2*s, -4*s - 32 = -4*u. Suppose 0 = 4*z - u*a - 133, z - 3*a + 18 = 46. List the prime factors of z.
37
Let m = 557 + 291. What are the prime factors of m?
2, 53
Let a(k) = -k**2 - 11*k - 7. Let b be 0/(2 + -1) - -1. Let n = -7 - b. What are the prime factors of a(n)?
17
Let o(t) be the second derivative of -7*t**3/6 + 21*t**2/2 + 14*t. What are the prime factors of o(-6)?
3, 7
Let i = 167 - 237. Let a = i - -101. List the prime factors of a.
31
Let k = 35 - 45. What are the prime factors of (4/5)/(-1*k/1475)?
2, 59
Suppose -l + 54 = 3*t, -4*l - 3*t + 48 = -123. Suppose -2*k - 21 = -l. What are the prime factors of k?
3
Let i = -10 + 13. Suppose c - 2 = -2*w, -10 = i*c + 2*c. List the prime factors of (-6 + w)/(4/(-22)).
2, 11
Let z(d) = 2*d - 11. Let l be z(8). Suppose -7*n = -3*n + l*a + 15, -n - 6 = -a. What are the prime factors of (1/(-3))/(n/375)?
5
Suppose 6*m = 8*m. Suppose 8 = 2*j - m*j. Suppose -2*g + 4 = -j. List the prime factors of g.
2
Suppose 5*p - 1942 - 2693 = 0. List the prime factors of p.
3, 103
Suppose 18*w - 1453 - 1571 = 0. List the prime factors of w.
2, 3, 7
Let k = -435 - -1320. List the prime factors of k.
3, 5, 59
Let f = 9 + -4. Suppose 0 = 2*a - 5*a - f*p - 6, 5*a + 50 = 5*p. Let k(b) = -b + 9. List the prime factors of k(a).
2
Let x be (-734)/10 + (-4)/(-10). Let i = x - -150. Suppose -n + 3*n - c - 58 = 0, 3*n + c - i = 0. List the prime factors of n.
3
Suppose -2*q - 2 = 0, -s = -3*q + 6*q + 4. Let i be (-2 - 3)/(-2 - s). Suppose 10*z - i*z = 290. What are the prime factors of z?
2, 29
Let a(x) be the third derivative of -x**6/120 - x**5/15 - 7*x**4/24 + 5*x**3/6 - 20*x**2. What are the prime factors of a(-5)?
5, 13
Suppose -2*v = 2*f - 14, -f + 7*v - 23 = 2*v. Let u = 0 + 0. Suppose 4*n - 3*c - 186 = -8*c, 5*n - f*c - 216 = u. List the prime factors of n.
2, 11
Let h(z) = -5*z - 1. Let q be (-19)/(-2) - (-7)/(-14). Suppose 3*u + s - q = 4*u, s = 2*u + 14. What are the prime factors of h(u)?
2, 3
Let z be (-14)/(-2)*(-6)/(-7). Suppose -i + 43 = -z. List the prime factors of i.
7
Let h = -22 + 27. Suppose 0 = r + 2*q - 0 - h, 2*r - q - 10 = 0. Let b = r - -22. What are the prime factors of b?
3
Let r = -1201 + 1853. What are the prime factors of r?
2, 163
Let o(h) = 5*h**3 + 7*h**2 + 42*h - 18. Let q(n) = 3*n**3 + 5*n**2 + 28*n - 12. Let w(y) = -5*o(y) + 8*q(y). What are the prime factors of w(6)?
2, 3, 7
Let i(g) = 19*g**3 + g**2 - 2*g + 2. Let b be i(1). Suppose s - 24 = b. List the prime factors of s.
2, 11
What are the prime factors of 6/(-12) + 10376/16?
2, 3
Suppose x - 4*z - 398 = -2*x, -z = -2*x + 267. Let l = x + -70. What are the prime factors of l?
2
Let q be (-2 + -3)*2/5. Let r be 3 + q/(-2) + -2. What are the prime factors of 21 - (-1 + 1 - r)?
23
Suppose 3*v = 5*l + 24, 0*l = -3*l + 3*v - 12. Let r(j) = j**3 + 4*j**2 + 3. Let n be r(-3). Let z = l + n. List the prime factors of z.
2, 3
Let b = 6 - 1. Suppose -72 = -3*t + 3*o - 18, b*o - 30 = -t. Suppose -g = -4*g - k + 30, 2*g - 5*k = t. List the prime factors of g.
2, 5
Suppose 0 = -4*g + 1173 + 563. What are the prime factors of g?
2, 7, 31
Let c = -981 + 3438. What are the prime factors of c?
3, 7, 13
Let u be 33/77*(0 + 7). Suppose -4*c = u*d - 4, 4*d + 4 = -3*c - 0*c. List the prime factors of c.
2
Suppose 0*c + 2*c + 55 = 5*d, 0 = 4*c + 4*d + 180. Suppose -3*x + 36 = -3*f, 5*x - 75 = -f + 3. What are the prime factors of c/x*30/(-4)?
2, 5
What are the prime factors of (18/(-12))/(8/(-2944))?
2, 3, 23
Let h(x) = 4*x**2 - 41*x - 52. List the prime factors of h(-17).
1801
Let r(t) = -t**3 - 43*t**2 + 15*t + 49. List the prime factors of r(-44).
5, 53
Let a be 5/(2 + 3)*31. Let c = a + 47. Suppose -c = -4*k + 138. What are t